ghest common divisor of 690 and 92.
46
Calculate the greatest common factor of 7533 and 93.
93
What is the highest common divisor of 470 and 846?
94
What is the highest common divisor of 10 and 230?
10
What is the greatest common divisor of 65739 and 51?
51
Calculate the greatest common factor of 850 and 34.
34
Calculate the greatest common factor of 24 and 708.
12
What is the highest common factor of 1029 and 54?
3
Calculate the highest common factor of 113 and 5989.
113
Calculate the highest common factor of 75 and 420.
15
Calculate the highest common divisor of 20 and 8860.
20
Calculate the greatest common divisor of 4 and 7.
1
Calculate the highest common divisor of 14575 and 55.
55
Calculate the highest common divisor of 638 and 22.
22
What is the highest common factor of 40 and 50?
10
Calculate the greatest common factor of 20 and 1020.
20
Calculate the highest common factor of 966 and 138.
138
Calculate the greatest common factor of 120 and 580.
20
Calculate the highest common divisor of 66 and 176.
22
What is the greatest common factor of 779 and 76?
19
What is the highest common factor of 22 and 176?
22
Calculate the greatest common factor of 10576 and 16.
16
What is the greatest common divisor of 38315 and 395?
395
Calculate the greatest common factor of 760 and 80.
40
What is the greatest common divisor of 21 and 140?
7
What is the greatest common factor of 112 and 126?
14
What is the greatest common divisor of 2769 and 39?
39
Calculate the highest common factor of 19 and 532.
19
Calculate the greatest common factor of 109 and 2.
1
What is the greatest common divisor of 225 and 100?
25
What is the greatest common divisor of 1339 and 103?
103
Calculate the greatest common factor of 44 and 1738.
22
Calculate the highest common divisor of 81 and 2043.
9
What is the greatest common divisor of 52 and 429?
13
What is the greatest common factor of 660 and 88?
44
What is the greatest common divisor of 128 and 52?
4
What is the highest common factor of 216 and 16?
8
What is the highest common divisor of 430 and 129?
43
Calculate the greatest common factor of 279 and 9.
9
Calculate the highest common divisor of 1479 and 174.
87
What is the highest common divisor of 32 and 1568?
32
Calculate the highest common factor of 11 and 4928.
11
Calculate the greatest common factor of 5709 and 66.
33
What is the highest common divisor of 272 and 918?
34
Calculate the highest common factor of 30 and 165.
15
What is the greatest common divisor of 459 and 27?
27
Calculate the highest common factor of 128 and 5152.
32
What is the highest common divisor of 1691 and 19?
19
What is the highest common divisor of 360 and 6984?
72
What is the greatest common factor of 510 and 85?
85
Calculate the highest common divisor of 168 and 20.
4
Calculate the highest common factor of 1377 and 36.
9
What is the greatest common factor of 58 and 3161?
29
Calculate the highest common factor of 78 and 4.
2
Calculate the greatest common divisor of 127 and 2032.
127
What is the highest common factor of 168 and 12292?
28
Calculate the greatest common factor of 1359 and 27.
9
What is the greatest common divisor of 95 and 1995?
95
Calculate the greatest common factor of 2560 and 16.
16
What is the greatest common divisor of 21 and 294?
21
What is the highest common divisor of 384 and 1416?
24
What is the greatest common factor of 40 and 200?
40
What is the greatest common divisor of 18 and 4266?
18
Calculate the highest common factor of 3470 and 40.
10
Calculate the highest common factor of 85 and 136.
17
Calculate the highest common factor of 11 and 979.
11
Calculate the greatest common factor of 82 and 34.
2
Calculate the greatest common divisor of 55 and 935.
55
Calculate the greatest common divisor of 112 and 512.
16
Calculate the greatest common factor of 76076 and 266.
266
What is the highest common divisor of 16494 and 12?
6
What is the highest common factor of 5235 and 15?
15
Calculate the highest common divisor of 28 and 28.
28
What is the highest common factor of 441 and 77?
7
What is the highest common factor of 81 and 3?
3
Calculate the greatest common divisor of 23577 and 174.
87
What is the greatest common divisor of 2303 and 147?
49
What is the greatest common factor of 2250 and 27?
9
What is the greatest common factor of 3 and 327?
3
What is the greatest common divisor of 2587 and 13?
13
Calculate the greatest common factor of 58 and 522.
58
What is the greatest common factor of 65 and 182?
13
What is the highest common factor of 460 and 115?
115
Calculate the highest common factor of 5 and 1.
1
Calculate the highest common factor of 10164 and 1056.
132
What is the greatest common factor of 84 and 28?
28
Calculate the greatest common factor of 176 and 9328.
176
What is the greatest common divisor of 1450 and 58?
58
What is the highest common factor of 35 and 91?
7
Calculate the greatest common factor of 234 and 3666.
78
Calculate the highest common factor of 938 and 536.
134
Calculate the highest common divisor of 420 and 26740.
140
What is the highest common factor of 72 and 388?
4
What is the greatest common divisor of 486 and 126?
18
What is the highest common divisor of 160 and 10?
10
Calculate the greatest common divisor of 1574 and 1.
1
What is the greatest common factor of 196 and 84?
28
Calculate the greatest common divisor of 232 and 29.
29
Calculate the greatest common factor of 96 and 312.
24
Calculate the highest common factor of 29 and 319.
29
What is the greatest common divisor of 35 and 405?
5
Calculate the highest common factor of 2318 and 38.
38
What is the highest common divisor of 18 and 348?
6
What is the highest common divisor of 6435 and 22?
11
Calculate the highest common divisor of 175 and 210.
35
Calculate the greatest common factor of 6713 and 784.
49
Calculate the highest common divisor of 91 and 13.
13
What is the greatest common factor of 725 and 319?
29
Calculate the greatest common factor of 96 and 132.
12
What is the highest common divisor of 2 and 326?
2
What is the greatest common divisor of 4 and 92?
4
Calculate the greatest common divisor of 1143 and 207.
9
Calculate the highest common factor of 4 and 4.
4
What is the greatest common factor of 5511 and 9519?
501
Calculate the highest common divisor of 803 and 11.
11
Calculate the highest common factor of 3496 and 304.
152
What is the highest common factor of 432 and 3408?
48
Calculate the highest common factor of 21 and 1911.
21
Calculate the highest common factor of 438 and 78.
6
What is the highest common factor of 102 and 510?
102
Calculate the highest common factor of 2675 and 107.
107
Calculate the highest common factor of 39591 and 27.
9
Calculate the greatest common factor of 672 and 126.
42
What is the greatest common divisor of 6260 and 20?
20
What is the greatest common factor of 20 and 14470?
10
What is the highest common divisor of 107 and 9?
1
Calculate the highest common divisor of 225 and 315.
45
What is the greatest common divisor of 24 and 192?
24
What is the greatest common factor of 34 and 35666?
34
What is the greatest common divisor of 1232 and 385?
77
Calculate the highest common factor of 99 and 342.
9
Calculate the highest common divisor of 201 and 737.
67
What is the highest common factor of 520 and 160?
40
Calculate the highest common divisor of 57 and 133.
19
What is the greatest common divisor of 726 and 330?
66
What is the greatest common divisor of 280 and 2296?
56
Calculate the greatest common divisor of 60 and 7680.
60
Calculate the highest common factor of 385 and 35.
35
Calculate the highest common divisor of 1419 and 77.
11
What is the greatest common divisor of 15 and 3645?
15
What is the greatest common divisor of 114 and 171?
57
Calculate the highest common factor of 56 and 1088.
8
Calculate the highest common factor of 25 and 15625.
25
Calculate the greatest common divisor of 9 and 36.
9
What is the greatest common divisor of 465 and 35?
5
Calculate the highest common divisor of 440 and 55.
55
What is the greatest common divisor of 11 and 18359?
11
What is the greatest common divisor of 185 and 1369?
37
Calculate the highest common divisor of 185 and 111.
37
Calculate the greatest common divisor of 1976 and 832.
104
Calculate the greatest